{"id":682,"date":"2023-03-09T23:17:54","date_gmt":"2023-03-09T22:17:54","guid":{"rendered":"https:\/\/www.manonenluberon.fr\/?post_type=mphb_room_service&#038;p=682"},"modified":"2025-01-26T13:32:27","modified_gmt":"2025-01-26T12:32:27","slug":"spa-privatif","status":"publish","type":"mphb_room_service","link":"https:\/\/www.manonenluberon.fr\/index.php\/services\/spa-privatif\/","title":{"rendered":"Spa privatif"},"content":{"rendered":"\n<p class=\"has-text-align-center\"><strong>Spa privatis\u00e9 : une bulle de d\u00e9tente exclusive<\/strong><\/p>\n\n\n\n<p>Accordez-vous une pause bien-\u00eatre dans notre spa privatis\u00e9, pour un moment de relaxation unique. Profitez de&nbsp;<strong>50 minutes<\/strong> de d\u00e9tente en toute intimit\u00e9, pour&nbsp;<strong>30 \u20ac par session<\/strong>, jusqu\u2019\u00e0&nbsp;<strong>4 personnes maximum<\/strong>.<\/p>\n\n\n\n<p class=\"has-text-align-center\">L\u2019ambiance apaisante de cet espace vous invite \u00e0 l\u00e2cher prise et \u00e0 savourer une exp\u00e9rience ressour\u00e7ante. R\u00e9servez vite votre cr\u00e9neau pour un moment hors du temps !<\/p>\n\n\n\n<p><\/p>\n","protected":false},"featured_media":270583,"menu_order":0,"comment_status":"closed","ping_status":"closed","template":"","class_list":{"0":"post-682","1":"mphb_room_service","2":"type-mphb_room_service","3":"status-publish","4":"has-post-thumbnail","6":"entry","7":"has-media","8":"mphb-service-pay-by-guest-choise"},"yoast_head":"<!-- This site is optimized with the Yoast SEO plugin v24.0 - https:\/\/yoast.com\/wordpress\/plugins\/seo\/ -->\n<title>Spa privatif - Manon en Luberon<\/title>\n<meta name=\"robots\" content=\"index, follow, max-snippet:-1, max-image-preview:large, max-video-preview:-1\" \/>\n<link rel=\"canonical\" href=\"https:\/\/www.manonenluberon.fr\/index.php\/services\/spa-privatif\/\" \/>\n<meta property=\"og:locale\" content=\"fr_FR\" \/>\n<meta property=\"og:type\" content=\"article\" \/>\n<meta property=\"og:title\" content=\"Spa privatif - Manon en Luberon\" \/>\n<meta property=\"og:description\" content=\"Spa privatis\u00e9 : une bulle de d\u00e9tente exclusive Accordez-vous une pause bien-\u00eatre dans notre spa privatis\u00e9, pour un moment de relaxation unique. Profitez de&nbsp;50 minutes de d\u00e9tente en toute intimit\u00e9, pour&nbsp;30 \u20ac par session, jusqu\u2019\u00e0&nbsp;4 personnes maximum. L\u2019ambiance apaisante de cet espace vous invite \u00e0 l\u00e2cher prise et \u00e0 savourer une exp\u00e9rience ressour\u00e7ante. R\u00e9servez vite [&hellip;]\" \/>\n<meta property=\"og:url\" content=\"https:\/\/www.manonenluberon.fr\/index.php\/services\/spa-privatif\/\" \/>\n<meta property=\"og:site_name\" content=\"Manon en Luberon\" \/>\n<meta property=\"article:modified_time\" content=\"2025-01-26T12:32:27+00:00\" \/>\n<meta property=\"og:image\" content=\"https:\/\/www.manonenluberon.fr\/wp-content\/uploads\/2024\/06\/075A6368-scaled.jpg\" \/>\n\t<meta property=\"og:image:width\" content=\"2560\" \/>\n\t<meta property=\"og:image:height\" content=\"1707\" \/>\n\t<meta property=\"og:image:type\" content=\"image\/jpeg\" \/>\n<meta name=\"twitter:card\" content=\"summary_large_image\" \/>\n<meta name=\"twitter:label1\" content=\"Dur\u00e9e de lecture estim\u00e9e\" \/>\n\t<meta name=\"twitter:data1\" content=\"1 minute\" \/>\n<script type=\"application\/ld+json\" class=\"yoast-schema-graph\">{\"@context\":\"https:\/\/schema.org\",\"@graph\":[{\"@type\":\"WebPage\",\"@id\":\"https:\/\/www.manonenluberon.fr\/index.php\/services\/spa-privatif\/\",\"url\":\"https:\/\/www.manonenluberon.fr\/index.php\/services\/spa-privatif\/\",\"name\":\"Spa privatif - Manon en Luberon\",\"isPartOf\":{\"@id\":\"https:\/\/www.manonenluberon.fr\/#website\"},\"primaryImageOfPage\":{\"@id\":\"https:\/\/www.manonenluberon.fr\/index.php\/services\/spa-privatif\/#primaryimage\"},\"image\":{\"@id\":\"https:\/\/www.manonenluberon.fr\/index.php\/services\/spa-privatif\/#primaryimage\"},\"thumbnailUrl\":\"https:\/\/www.manonenluberon.fr\/wp-content\/uploads\/2024\/06\/075A6368-scaled.jpg\",\"datePublished\":\"2023-03-09T22:17:54+00:00\",\"dateModified\":\"2025-01-26T12:32:27+00:00\",\"breadcrumb\":{\"@id\":\"https:\/\/www.manonenluberon.fr\/index.php\/services\/spa-privatif\/#breadcrumb\"},\"inLanguage\":\"fr-FR\",\"potentialAction\":[{\"@type\":\"ReadAction\",\"target\":[\"https:\/\/www.manonenluberon.fr\/index.php\/services\/spa-privatif\/\"]}]},{\"@type\":\"ImageObject\",\"inLanguage\":\"fr-FR\",\"@id\":\"https:\/\/www.manonenluberon.fr\/index.php\/services\/spa-privatif\/#primaryimage\",\"url\":\"https:\/\/www.manonenluberon.fr\/wp-content\/uploads\/2024\/06\/075A6368-scaled.jpg\",\"contentUrl\":\"https:\/\/www.manonenluberon.fr\/wp-content\/uploads\/2024\/06\/075A6368-scaled.jpg\",\"width\":2560,\"height\":1707},{\"@type\":\"BreadcrumbList\",\"@id\":\"https:\/\/www.manonenluberon.fr\/index.php\/services\/spa-privatif\/#breadcrumb\",\"itemListElement\":[{\"@type\":\"ListItem\",\"position\":1,\"name\":\"Accueil\",\"item\":\"https:\/\/www.manonenluberon.fr\/\"},{\"@type\":\"ListItem\",\"position\":2,\"name\":\"Services\",\"item\":\"https:\/\/www.manonenluberon.fr\/index.php\/services\/\"},{\"@type\":\"ListItem\",\"position\":3,\"name\":\"Spa privatif\"}]},{\"@type\":\"WebSite\",\"@id\":\"https:\/\/www.manonenluberon.fr\/#website\",\"url\":\"https:\/\/www.manonenluberon.fr\/\",\"name\":\"Manon en Luberon\",\"description\":\"G\u00eetes et Chambres d&#039;h\u00f4tes en Provence\",\"publisher\":{\"@id\":\"https:\/\/www.manonenluberon.fr\/#organization\"},\"potentialAction\":[{\"@type\":\"SearchAction\",\"target\":{\"@type\":\"EntryPoint\",\"urlTemplate\":\"https:\/\/www.manonenluberon.fr\/?s={search_term_string}\"},\"query-input\":{\"@type\":\"PropertyValueSpecification\",\"valueRequired\":true,\"valueName\":\"search_term_string\"}}],\"inLanguage\":\"fr-FR\"},{\"@type\":\"Organization\",\"@id\":\"https:\/\/www.manonenluberon.fr\/#organization\",\"name\":\"Manon en Luberon\",\"url\":\"https:\/\/www.manonenluberon.fr\/\",\"logo\":{\"@type\":\"ImageObject\",\"inLanguage\":\"fr-FR\",\"@id\":\"https:\/\/www.manonenluberon.fr\/#\/schema\/logo\/image\/\",\"url\":\"https:\/\/www.manonenluberon.fr\/wp-content\/uploads\/2022\/11\/Sans-titre-2-e1671486317725.png\",\"contentUrl\":\"https:\/\/www.manonenluberon.fr\/wp-content\/uploads\/2022\/11\/Sans-titre-2-e1671486317725.png\",\"width\":883,\"height\":664,\"caption\":\"Manon en Luberon\"},\"image\":{\"@id\":\"https:\/\/www.manonenluberon.fr\/#\/schema\/logo\/image\/\"}}]}<\/script>\n<!-- \/ Yoast SEO plugin. -->","yoast_head_json":{"title":"Spa privatif - Manon en Luberon","robots":{"index":"index","follow":"follow","max-snippet":"max-snippet:-1","max-image-preview":"max-image-preview:large","max-video-preview":"max-video-preview:-1"},"canonical":"https:\/\/www.manonenluberon.fr\/index.php\/services\/spa-privatif\/","og_locale":"fr_FR","og_type":"article","og_title":"Spa privatif - Manon en Luberon","og_description":"Spa privatis\u00e9 : une bulle de d\u00e9tente exclusive Accordez-vous une pause bien-\u00eatre dans notre spa privatis\u00e9, pour un moment de relaxation unique. Profitez de&nbsp;50 minutes de d\u00e9tente en toute intimit\u00e9, pour&nbsp;30 \u20ac par session, jusqu\u2019\u00e0&nbsp;4 personnes maximum. L\u2019ambiance apaisante de cet espace vous invite \u00e0 l\u00e2cher prise et \u00e0 savourer une exp\u00e9rience ressour\u00e7ante. R\u00e9servez vite [&hellip;]","og_url":"https:\/\/www.manonenluberon.fr\/index.php\/services\/spa-privatif\/","og_site_name":"Manon en Luberon","article_modified_time":"2025-01-26T12:32:27+00:00","og_image":[{"width":2560,"height":1707,"url":"https:\/\/www.manonenluberon.fr\/wp-content\/uploads\/2024\/06\/075A6368-scaled.jpg","type":"image\/jpeg"}],"twitter_card":"summary_large_image","twitter_misc":{"Dur\u00e9e de lecture estim\u00e9e":"1 minute"},"schema":{"@context":"https:\/\/schema.org","@graph":[{"@type":"WebPage","@id":"https:\/\/www.manonenluberon.fr\/index.php\/services\/spa-privatif\/","url":"https:\/\/www.manonenluberon.fr\/index.php\/services\/spa-privatif\/","name":"Spa privatif - Manon en Luberon","isPartOf":{"@id":"https:\/\/www.manonenluberon.fr\/#website"},"primaryImageOfPage":{"@id":"https:\/\/www.manonenluberon.fr\/index.php\/services\/spa-privatif\/#primaryimage"},"image":{"@id":"https:\/\/www.manonenluberon.fr\/index.php\/services\/spa-privatif\/#primaryimage"},"thumbnailUrl":"https:\/\/www.manonenluberon.fr\/wp-content\/uploads\/2024\/06\/075A6368-scaled.jpg","datePublished":"2023-03-09T22:17:54+00:00","dateModified":"2025-01-26T12:32:27+00:00","breadcrumb":{"@id":"https:\/\/www.manonenluberon.fr\/index.php\/services\/spa-privatif\/#breadcrumb"},"inLanguage":"fr-FR","potentialAction":[{"@type":"ReadAction","target":["https:\/\/www.manonenluberon.fr\/index.php\/services\/spa-privatif\/"]}]},{"@type":"ImageObject","inLanguage":"fr-FR","@id":"https:\/\/www.manonenluberon.fr\/index.php\/services\/spa-privatif\/#primaryimage","url":"https:\/\/www.manonenluberon.fr\/wp-content\/uploads\/2024\/06\/075A6368-scaled.jpg","contentUrl":"https:\/\/www.manonenluberon.fr\/wp-content\/uploads\/2024\/06\/075A6368-scaled.jpg","width":2560,"height":1707},{"@type":"BreadcrumbList","@id":"https:\/\/www.manonenluberon.fr\/index.php\/services\/spa-privatif\/#breadcrumb","itemListElement":[{"@type":"ListItem","position":1,"name":"Accueil","item":"https:\/\/www.manonenluberon.fr\/"},{"@type":"ListItem","position":2,"name":"Services","item":"https:\/\/www.manonenluberon.fr\/index.php\/services\/"},{"@type":"ListItem","position":3,"name":"Spa privatif"}]},{"@type":"WebSite","@id":"https:\/\/www.manonenluberon.fr\/#website","url":"https:\/\/www.manonenluberon.fr\/","name":"Manon en Luberon","description":"G\u00eetes et Chambres d&#039;h\u00f4tes en Provence","publisher":{"@id":"https:\/\/www.manonenluberon.fr\/#organization"},"potentialAction":[{"@type":"SearchAction","target":{"@type":"EntryPoint","urlTemplate":"https:\/\/www.manonenluberon.fr\/?s={search_term_string}"},"query-input":{"@type":"PropertyValueSpecification","valueRequired":true,"valueName":"search_term_string"}}],"inLanguage":"fr-FR"},{"@type":"Organization","@id":"https:\/\/www.manonenluberon.fr\/#organization","name":"Manon en Luberon","url":"https:\/\/www.manonenluberon.fr\/","logo":{"@type":"ImageObject","inLanguage":"fr-FR","@id":"https:\/\/www.manonenluberon.fr\/#\/schema\/logo\/image\/","url":"https:\/\/www.manonenluberon.fr\/wp-content\/uploads\/2022\/11\/Sans-titre-2-e1671486317725.png","contentUrl":"https:\/\/www.manonenluberon.fr\/wp-content\/uploads\/2022\/11\/Sans-titre-2-e1671486317725.png","width":883,"height":664,"caption":"Manon en Luberon"},"image":{"@id":"https:\/\/www.manonenluberon.fr\/#\/schema\/logo\/image\/"}}]}},"_links":{"self":[{"href":"https:\/\/www.manonenluberon.fr\/index.php\/wp-json\/wp\/v2\/mphb_room_service\/682","targetHints":{"allow":["GET"]}}],"collection":[{"href":"https:\/\/www.manonenluberon.fr\/index.php\/wp-json\/wp\/v2\/mphb_room_service"}],"about":[{"href":"https:\/\/www.manonenluberon.fr\/index.php\/wp-json\/wp\/v2\/types\/mphb_room_service"}],"replies":[{"embeddable":true,"href":"https:\/\/www.manonenluberon.fr\/index.php\/wp-json\/wp\/v2\/comments?post=682"}],"wp:featuredmedia":[{"embeddable":true,"href":"https:\/\/www.manonenluberon.fr\/index.php\/wp-json\/wp\/v2\/media\/270583"}],"wp:attachment":[{"href":"https:\/\/www.manonenluberon.fr\/index.php\/wp-json\/wp\/v2\/media?parent=682"}],"curies":[{"name":"wp","href":"https:\/\/api.w.org\/{rel}","templated":true}]}}

<p class="has-text-align-center"><strong>Spa privatisé : une bulle de détente exclusive</strong></p>



<p>Accordez-vous une pause bien-être dans notre spa privatisé, pour un moment de relaxation unique. Profitez de&nbsp;<strong>50 minutes</strong> de détente en toute intimité, pour&nbsp;<strong>30 € par session</strong>, jusqu’à&nbsp;<strong>4 personnes maximum</strong>.</p>



<p class="has-text-align-center">L’ambiance apaisante de cet espace vous invite à lâcher prise et à savourer une expérience ressourçante. Réservez vite votre créneau pour un moment hors du temps !</p>



<p></p>

<!-- This site is optimized with the Yoast SEO plugin v24.0 - https://yoast.com/wordpress/plugins/seo/ -->
<title>Spa privatif - Manon en Luberon</title>
<meta name="robots" content="index, follow, max-snippet:-1, max-image-preview:large, max-video-preview:-1" />
<link rel="canonical" href="https://www.manonenluberon.fr/index.php/services/spa-privatif/" />
<meta property="og:locale" content="fr_FR" />
<meta property="og:type" content="article" />
<meta property="og:title" content="Spa privatif - Manon en Luberon" />
<meta property="og:description" content="Spa privatisé : une bulle de détente exclusive Accordez-vous une pause bien-être dans notre spa privatisé, pour un moment de relaxation unique. Profitez de&nbsp;50 minutes de détente en toute intimité, pour&nbsp;30 € par session, jusqu’à&nbsp;4 personnes maximum. L’ambiance apaisante de cet espace vous invite à lâcher prise et à savourer une expérience ressourçante. Réservez vite [&hellip;]" />
<meta property="og:url" content="https://www.manonenluberon.fr/index.php/services/spa-privatif/" />
<meta property="og:site_name" content="Manon en Luberon" />
<meta property="article:modified_time" content="2025-01-26T12:32:27+00:00" />
<meta property="og:image" content="https://www.manonenluberon.fr/wp-content/uploads/2024/06/075A6368-scaled.jpg" />
	<meta property="og:image:width" content="2560" />
	<meta property="og:image:height" content="1707" />
	<meta property="og:image:type" content="image/jpeg" />
<meta name="twitter:card" content="summary_large_image" />
<meta name="twitter:label1" content="Durée de lecture estimée" />
	<meta name="twitter:data1" content="1 minute" />
<script type="application/ld+json" class="yoast-schema-graph">{"@context":"https://schema.org","@graph":[{"@type":"WebPage","@id":"https://www.manonenluberon.fr/index.php/services/spa-privatif/","url":"https://www.manonenluberon.fr/index.php/services/spa-privatif/","name":"Spa privatif - Manon en Luberon","isPartOf":{"@id":"https://www.manonenluberon.fr/#website"},"primaryImageOfPage":{"@id":"https://www.manonenluberon.fr/index.php/services/spa-privatif/#primaryimage"},"image":{"@id":"https://www.manonenluberon.fr/index.php/services/spa-privatif/#primaryimage"},"thumbnailUrl":"https://www.manonenluberon.fr/wp-content/uploads/2024/06/075A6368-scaled.jpg","datePublished":"2023-03-09T22:17:54+00:00","dateModified":"2025-01-26T12:32:27+00:00","breadcrumb":{"@id":"https://www.manonenluberon.fr/index.php/services/spa-privatif/#breadcrumb"},"inLanguage":"fr-FR","potentialAction":[{"@type":"ReadAction","target":["https://www.manonenluberon.fr/index.php/services/spa-privatif/"]}]},{"@type":"ImageObject","inLanguage":"fr-FR","@id":"https://www.manonenluberon.fr/index.php/services/spa-privatif/#primaryimage","url":"https://www.manonenluberon.fr/wp-content/uploads/2024/06/075A6368-scaled.jpg","contentUrl":"https://www.manonenluberon.fr/wp-content/uploads/2024/06/075A6368-scaled.jpg","width":2560,"height":1707},{"@type":"BreadcrumbList","@id":"https://www.manonenluberon.fr/index.php/services/spa-privatif/#breadcrumb","itemListElement":[{"@type":"ListItem","position":1,"name":"Accueil","item":"https://www.manonenluberon.fr/"},{"@type":"ListItem","position":2,"name":"Services","item":"https://www.manonenluberon.fr/index.php/services/"},{"@type":"ListItem","position":3,"name":"Spa privatif"}]},{"@type":"WebSite","@id":"https://www.manonenluberon.fr/#website","url":"https://www.manonenluberon.fr/","name":"Manon en Luberon","description":"Gîtes et Chambres d&#039;hôtes en Provence","publisher":{"@id":"https://www.manonenluberon.fr/#organization"},"potentialAction":[{"@type":"SearchAction","target":{"@type":"EntryPoint","urlTemplate":"https://www.manonenluberon.fr/?s={search_term_string}"},"query-input":{"@type":"PropertyValueSpecification","valueRequired":true,"valueName":"search_term_string"}}],"inLanguage":"fr-FR"},{"@type":"Organization","@id":"https://www.manonenluberon.fr/#organization","name":"Manon en Luberon","url":"https://www.manonenluberon.fr/","logo":{"@type":"ImageObject","inLanguage":"fr-FR","@id":"https://www.manonenluberon.fr/#/schema/logo/image/","url":"https://www.manonenluberon.fr/wp-content/uploads/2022/11/Sans-titre-2-e1671486317725.png","contentUrl":"https://www.manonenluberon.fr/wp-content/uploads/2022/11/Sans-titre-2-e1671486317725.png","width":883,"height":664,"caption":"Manon en Luberon"},"image":{"@id":"https://www.manonenluberon.fr/#/schema/logo/image/"}}]}</script>
<!-- / Yoast SEO plugin. -->

Spa privatisé : une bulle de détente exclusive Accordez-vous une pause bien-être dans notre spa privatisé, pour un moment de relaxation unique. Profitez de&nbsp;50 minutes de détente en toute intimité, pour&nbsp;30 € par session, jusqu’à&nbsp;4 personnes maximum. L’ambiance apaisante de cet espace vous invite à lâcher prise et à savourer une expérience ressourçante. Réservez vite [&hellip;]

Gîtes et Chambres d&#039;hôtes en Provence
