{"id":65014,"date":"2023-07-09T15:56:08","date_gmt":"2023-07-09T13:56:08","guid":{"rendered":"https:\/\/www.manonenluberon.fr\/?page_id=65014"},"modified":"2023-07-09T16:35:14","modified_gmt":"2023-07-09T14:35:14","slug":"privatisation","status":"publish","type":"page","link":"https:\/\/www.manonenluberon.fr\/index.php\/privatisation\/","title":{"rendered":"Privatisation"},"content":{"rendered":"\t\t<div data-elementor-type=\"wp-page\" data-elementor-id=\"65014\" class=\"elementor elementor-65014\">\n\t\t\t\t\t\t<section class=\"elementor-section elementor-top-section elementor-element elementor-element-f3ec4d6 elementor-section-boxed elementor-section-height-default elementor-section-height-default\" data-id=\"f3ec4d6\" data-element_type=\"section\" data-e-type=\"section\">\n\t\t\t\t\t\t<div class=\"elementor-container elementor-column-gap-default\">\n\t\t\t\t\t<div class=\"elementor-column elementor-col-100 elementor-top-column elementor-element elementor-element-c7c9220\" data-id=\"c7c9220\" data-element_type=\"column\" data-e-type=\"column\">\n\t\t\t<div class=\"elementor-widget-wrap elementor-element-populated\">\n\t\t\t\t\t\t<div class=\"elementor-element elementor-element-416c85a elementor-widget elementor-widget-heading\" data-id=\"416c85a\" data-element_type=\"widget\" data-e-type=\"widget\" data-widget_type=\"heading.default\">\n\t\t\t\t<div class=\"elementor-widget-container\">\n\t\t\t\t\t<h2 class=\"elementor-heading-title elementor-size-default\">Privatisation pour vos \u00e9v\u00e8nements<\/h2>\t\t\t\t<\/div>\n\t\t\t\t<\/div>\n\t\t\t\t\t<\/div>\n\t\t<\/div>\n\t\t\t\t\t<\/div>\n\t\t<\/section>\n\t\t\t\t<section class=\"elementor-section elementor-top-section elementor-element elementor-element-486b201 elementor-section-boxed elementor-section-height-default elementor-section-height-default\" data-id=\"486b201\" data-element_type=\"section\" data-e-type=\"section\">\n\t\t\t\t\t\t<div class=\"elementor-container elementor-column-gap-default\">\n\t\t\t\t\t<div class=\"elementor-column elementor-col-50 elementor-top-column elementor-element elementor-element-73eff8a\" data-id=\"73eff8a\" data-element_type=\"column\" data-e-type=\"column\">\n\t\t\t<div class=\"elementor-widget-wrap elementor-element-populated\">\n\t\t\t\t\t\t<div class=\"elementor-element elementor-element-ae6711c elementor-widget elementor-widget-image\" data-id=\"ae6711c\" data-element_type=\"widget\" data-e-type=\"widget\" data-widget_type=\"image.default\">\n\t\t\t\t<div class=\"elementor-widget-container\">\n\t\t\t\t\t\t\t\t\t\t\t\t\t\t\t<img fetchpriority=\"high\" decoding=\"async\" width=\"1024\" height=\"771\" src=\"https:\/\/www.manonenluberon.fr\/wp-content\/uploads\/2023\/05\/PXL_20230513_075340423-1024x771.jpg\" class=\"attachment-large size-large wp-image-14654\" alt=\"\" srcset=\"https:\/\/www.manonenluberon.fr\/wp-content\/uploads\/2023\/05\/PXL_20230513_075340423-1024x771.jpg 1024w, https:\/\/www.manonenluberon.fr\/wp-content\/uploads\/2023\/05\/PXL_20230513_075340423-300x226.jpg 300w, https:\/\/www.manonenluberon.fr\/wp-content\/uploads\/2023\/05\/PXL_20230513_075340423-768x578.jpg 768w, https:\/\/www.manonenluberon.fr\/wp-content\/uploads\/2023\/05\/PXL_20230513_075340423-1536x1157.jpg 1536w, https:\/\/www.manonenluberon.fr\/wp-content\/uploads\/2023\/05\/PXL_20230513_075340423-2048x1542.jpg 2048w\" sizes=\"(max-width: 1024px) 100vw, 1024px\" \/>\t\t\t\t\t\t\t\t\t\t\t\t\t\t\t<\/div>\n\t\t\t\t<\/div>\n\t\t\t\t\t<\/div>\n\t\t<\/div>\n\t\t\t\t<div class=\"elementor-column elementor-col-50 elementor-top-column elementor-element elementor-element-044cf23\" data-id=\"044cf23\" data-element_type=\"column\" data-e-type=\"column\">\n\t\t\t<div class=\"elementor-widget-wrap elementor-element-populated\">\n\t\t\t\t\t\t<div class=\"elementor-element elementor-element-bdaa990 elementor-widget elementor-widget-text-editor\" data-id=\"bdaa990\" data-element_type=\"widget\" data-e-type=\"widget\" data-widget_type=\"text-editor.default\">\n\t\t\t\t<div class=\"elementor-widget-container\">\n\t\t\t\t\t\t\t\t\t<p>Privatiser pour vos \u00e9v\u00e9nements priv\u00e9s ou professionnels le domaine de Manon en Luberon et profitez d\u2019un grand espace calme, verdoyant et proven\u00e7al !<\/p><p>Nous disposons d&rsquo;un parc de 2 hectares avec vue sur le Luberon et les Monts du Vaucluse. Nos gites et chambres d&rsquo;h\u00f4tes permettent 18 couchages.<\/p><p>Le boulodrome et les diff\u00e9rents espace de loisirs participeront \u00e0 la bonne humeur de votre \u00e9v\u00e8nement.&nbsp;<\/p><p>Un mariage, un bapt\u00eame, une f\u00eate de famille, un anniversaire, un s\u00e9minaire d&rsquo;entreprise nous saurons r\u00e9pondre \u00e0 toutes vos demandes.<\/p><p>Envoyez-nous un message \u00e0 contact@manonenluberon.fr<\/p><p><br><\/p>\t\t\t\t\t\t\t\t<\/div>\n\t\t\t\t<\/div>\n\t\t\t\t\t<\/div>\n\t\t<\/div>\n\t\t\t\t\t<\/div>\n\t\t<\/section>\n\t\t\t\t<\/div>\n\t\t","protected":false},"excerpt":{"rendered":"<p>Privatisation pour vos \u00e9v\u00e8nements Privatiser pour vos \u00e9v\u00e9nements priv\u00e9s ou professionnels le domaine de Manon en Luberon et profitez d\u2019un grand espace calme, verdoyant et proven\u00e7al ! Nous disposons d&rsquo;un parc de 2 hectares avec vue sur le Luberon et les Monts du Vaucluse. Nos gites et chambres d&rsquo;h\u00f4tes permettent 18 couchages. Le boulodrome et [&hellip;]<\/p>\n","protected":false},"author":1,"featured_media":0,"parent":0,"menu_order":0,"comment_status":"closed","ping_status":"closed","template":"elementor_header_footer","meta":{"footnotes":""},"class_list":["post-65014","page","type-page","status-publish","hentry","entry"],"yoast_head":"<!-- This site is optimized with the Yoast SEO plugin v24.0 - https:\/\/yoast.com\/wordpress\/plugins\/seo\/ -->\n<title>Privatisation - Manon en Luberon<\/title>\n<meta name=\"robots\" content=\"index, follow, max-snippet:-1, max-image-preview:large, max-video-preview:-1\" \/>\n<link rel=\"canonical\" href=\"https:\/\/www.manonenluberon.fr\/index.php\/privatisation\/\" \/>\n<meta property=\"og:locale\" content=\"fr_FR\" \/>\n<meta property=\"og:type\" content=\"article\" \/>\n<meta property=\"og:title\" content=\"Privatisation - Manon en Luberon\" \/>\n<meta property=\"og:description\" content=\"Privatisation pour vos \u00e9v\u00e8nements Privatiser pour vos \u00e9v\u00e9nements priv\u00e9s ou professionnels le domaine de Manon en Luberon et profitez d\u2019un grand espace calme, verdoyant et proven\u00e7al ! Nous disposons d&rsquo;un parc de 2 hectares avec vue sur le Luberon et les Monts du Vaucluse. Nos gites et chambres d&rsquo;h\u00f4tes permettent 18 couchages. Le boulodrome et [&hellip;]\" \/>\n<meta property=\"og:url\" content=\"https:\/\/www.manonenluberon.fr\/index.php\/privatisation\/\" \/>\n<meta property=\"og:site_name\" content=\"Manon en Luberon\" \/>\n<meta property=\"article:modified_time\" content=\"2023-07-09T14:35:14+00:00\" \/>\n<meta property=\"og:image\" content=\"https:\/\/www.manonenluberon.fr\/wp-content\/uploads\/2023\/05\/PXL_20230513_075340423-1024x771.jpg\" \/>\n<meta name=\"twitter:card\" content=\"summary_large_image\" \/>\n<script type=\"application\/ld+json\" class=\"yoast-schema-graph\">{\"@context\":\"https:\/\/schema.org\",\"@graph\":[{\"@type\":\"WebPage\",\"@id\":\"https:\/\/www.manonenluberon.fr\/index.php\/privatisation\/\",\"url\":\"https:\/\/www.manonenluberon.fr\/index.php\/privatisation\/\",\"name\":\"Privatisation - Manon en Luberon\",\"isPartOf\":{\"@id\":\"https:\/\/www.manonenluberon.fr\/#website\"},\"primaryImageOfPage\":{\"@id\":\"https:\/\/www.manonenluberon.fr\/index.php\/privatisation\/#primaryimage\"},\"image\":{\"@id\":\"https:\/\/www.manonenluberon.fr\/index.php\/privatisation\/#primaryimage\"},\"thumbnailUrl\":\"https:\/\/www.manonenluberon.fr\/wp-content\/uploads\/2023\/05\/PXL_20230513_075340423-1024x771.jpg\",\"datePublished\":\"2023-07-09T13:56:08+00:00\",\"dateModified\":\"2023-07-09T14:35:14+00:00\",\"breadcrumb\":{\"@id\":\"https:\/\/www.manonenluberon.fr\/index.php\/privatisation\/#breadcrumb\"},\"inLanguage\":\"fr-FR\",\"potentialAction\":[{\"@type\":\"ReadAction\",\"target\":[\"https:\/\/www.manonenluberon.fr\/index.php\/privatisation\/\"]}]},{\"@type\":\"ImageObject\",\"inLanguage\":\"fr-FR\",\"@id\":\"https:\/\/www.manonenluberon.fr\/index.php\/privatisation\/#primaryimage\",\"url\":\"https:\/\/www.manonenluberon.fr\/wp-content\/uploads\/2023\/05\/PXL_20230513_075340423-scaled.jpg\",\"contentUrl\":\"https:\/\/www.manonenluberon.fr\/wp-content\/uploads\/2023\/05\/PXL_20230513_075340423-scaled.jpg\",\"width\":2560,\"height\":1928},{\"@type\":\"BreadcrumbList\",\"@id\":\"https:\/\/www.manonenluberon.fr\/index.php\/privatisation\/#breadcrumb\",\"itemListElement\":[{\"@type\":\"ListItem\",\"position\":1,\"name\":\"Accueil\",\"item\":\"https:\/\/www.manonenluberon.fr\/\"},{\"@type\":\"ListItem\",\"position\":2,\"name\":\"Privatisation\"}]},{\"@type\":\"WebSite\",\"@id\":\"https:\/\/www.manonenluberon.fr\/#website\",\"url\":\"https:\/\/www.manonenluberon.fr\/\",\"name\":\"Manon en Luberon\",\"description\":\"G\u00eetes et Chambres d&#039;h\u00f4tes en Provence\",\"publisher\":{\"@id\":\"https:\/\/www.manonenluberon.fr\/#organization\"},\"potentialAction\":[{\"@type\":\"SearchAction\",\"target\":{\"@type\":\"EntryPoint\",\"urlTemplate\":\"https:\/\/www.manonenluberon.fr\/?s={search_term_string}\"},\"query-input\":{\"@type\":\"PropertyValueSpecification\",\"valueRequired\":true,\"valueName\":\"search_term_string\"}}],\"inLanguage\":\"fr-FR\"},{\"@type\":\"Organization\",\"@id\":\"https:\/\/www.manonenluberon.fr\/#organization\",\"name\":\"Manon en Luberon\",\"url\":\"https:\/\/www.manonenluberon.fr\/\",\"logo\":{\"@type\":\"ImageObject\",\"inLanguage\":\"fr-FR\",\"@id\":\"https:\/\/www.manonenluberon.fr\/#\/schema\/logo\/image\/\",\"url\":\"https:\/\/www.manonenluberon.fr\/wp-content\/uploads\/2022\/11\/Sans-titre-2-e1671486317725.png\",\"contentUrl\":\"https:\/\/www.manonenluberon.fr\/wp-content\/uploads\/2022\/11\/Sans-titre-2-e1671486317725.png\",\"width\":883,\"height\":664,\"caption\":\"Manon en Luberon\"},\"image\":{\"@id\":\"https:\/\/www.manonenluberon.fr\/#\/schema\/logo\/image\/\"}}]}<\/script>\n<!-- \/ Yoast SEO plugin. -->","yoast_head_json":{"title":"Privatisation - Manon en Luberon","robots":{"index":"index","follow":"follow","max-snippet":"max-snippet:-1","max-image-preview":"max-image-preview:large","max-video-preview":"max-video-preview:-1"},"canonical":"https:\/\/www.manonenluberon.fr\/index.php\/privatisation\/","og_locale":"fr_FR","og_type":"article","og_title":"Privatisation - Manon en Luberon","og_description":"Privatisation pour vos \u00e9v\u00e8nements Privatiser pour vos \u00e9v\u00e9nements priv\u00e9s ou professionnels le domaine de Manon en Luberon et profitez d\u2019un grand espace calme, verdoyant et proven\u00e7al ! Nous disposons d&rsquo;un parc de 2 hectares avec vue sur le Luberon et les Monts du Vaucluse. Nos gites et chambres d&rsquo;h\u00f4tes permettent 18 couchages. Le boulodrome et [&hellip;]","og_url":"https:\/\/www.manonenluberon.fr\/index.php\/privatisation\/","og_site_name":"Manon en Luberon","article_modified_time":"2023-07-09T14:35:14+00:00","og_image":[{"url":"https:\/\/www.manonenluberon.fr\/wp-content\/uploads\/2023\/05\/PXL_20230513_075340423-1024x771.jpg","type":"","width":"","height":""}],"twitter_card":"summary_large_image","schema":{"@context":"https:\/\/schema.org","@graph":[{"@type":"WebPage","@id":"https:\/\/www.manonenluberon.fr\/index.php\/privatisation\/","url":"https:\/\/www.manonenluberon.fr\/index.php\/privatisation\/","name":"Privatisation - Manon en Luberon","isPartOf":{"@id":"https:\/\/www.manonenluberon.fr\/#website"},"primaryImageOfPage":{"@id":"https:\/\/www.manonenluberon.fr\/index.php\/privatisation\/#primaryimage"},"image":{"@id":"https:\/\/www.manonenluberon.fr\/index.php\/privatisation\/#primaryimage"},"thumbnailUrl":"https:\/\/www.manonenluberon.fr\/wp-content\/uploads\/2023\/05\/PXL_20230513_075340423-1024x771.jpg","datePublished":"2023-07-09T13:56:08+00:00","dateModified":"2023-07-09T14:35:14+00:00","breadcrumb":{"@id":"https:\/\/www.manonenluberon.fr\/index.php\/privatisation\/#breadcrumb"},"inLanguage":"fr-FR","potentialAction":[{"@type":"ReadAction","target":["https:\/\/www.manonenluberon.fr\/index.php\/privatisation\/"]}]},{"@type":"ImageObject","inLanguage":"fr-FR","@id":"https:\/\/www.manonenluberon.fr\/index.php\/privatisation\/#primaryimage","url":"https:\/\/www.manonenluberon.fr\/wp-content\/uploads\/2023\/05\/PXL_20230513_075340423-scaled.jpg","contentUrl":"https:\/\/www.manonenluberon.fr\/wp-content\/uploads\/2023\/05\/PXL_20230513_075340423-scaled.jpg","width":2560,"height":1928},{"@type":"BreadcrumbList","@id":"https:\/\/www.manonenluberon.fr\/index.php\/privatisation\/#breadcrumb","itemListElement":[{"@type":"ListItem","position":1,"name":"Accueil","item":"https:\/\/www.manonenluberon.fr\/"},{"@type":"ListItem","position":2,"name":"Privatisation"}]},{"@type":"WebSite","@id":"https:\/\/www.manonenluberon.fr\/#website","url":"https:\/\/www.manonenluberon.fr\/","name":"Manon en Luberon","description":"G\u00eetes et Chambres d&#039;h\u00f4tes en Provence","publisher":{"@id":"https:\/\/www.manonenluberon.fr\/#organization"},"potentialAction":[{"@type":"SearchAction","target":{"@type":"EntryPoint","urlTemplate":"https:\/\/www.manonenluberon.fr\/?s={search_term_string}"},"query-input":{"@type":"PropertyValueSpecification","valueRequired":true,"valueName":"search_term_string"}}],"inLanguage":"fr-FR"},{"@type":"Organization","@id":"https:\/\/www.manonenluberon.fr\/#organization","name":"Manon en Luberon","url":"https:\/\/www.manonenluberon.fr\/","logo":{"@type":"ImageObject","inLanguage":"fr-FR","@id":"https:\/\/www.manonenluberon.fr\/#\/schema\/logo\/image\/","url":"https:\/\/www.manonenluberon.fr\/wp-content\/uploads\/2022\/11\/Sans-titre-2-e1671486317725.png","contentUrl":"https:\/\/www.manonenluberon.fr\/wp-content\/uploads\/2022\/11\/Sans-titre-2-e1671486317725.png","width":883,"height":664,"caption":"Manon en Luberon"},"image":{"@id":"https:\/\/www.manonenluberon.fr\/#\/schema\/logo\/image\/"}}]}},"_links":{"self":[{"href":"https:\/\/www.manonenluberon.fr\/index.php\/wp-json\/wp\/v2\/pages\/65014","targetHints":{"allow":["GET"]}}],"collection":[{"href":"https:\/\/www.manonenluberon.fr\/index.php\/wp-json\/wp\/v2\/pages"}],"about":[{"href":"https:\/\/www.manonenluberon.fr\/index.php\/wp-json\/wp\/v2\/types\/page"}],"author":[{"embeddable":true,"href":"https:\/\/www.manonenluberon.fr\/index.php\/wp-json\/wp\/v2\/users\/1"}],"replies":[{"embeddable":true,"href":"https:\/\/www.manonenluberon.fr\/index.php\/wp-json\/wp\/v2\/comments?post=65014"}],"version-history":[{"count":4,"href":"https:\/\/www.manonenluberon.fr\/index.php\/wp-json\/wp\/v2\/pages\/65014\/revisions"}],"predecessor-version":[{"id":65135,"href":"https:\/\/www.manonenluberon.fr\/index.php\/wp-json\/wp\/v2\/pages\/65014\/revisions\/65135"}],"wp:attachment":[{"href":"https:\/\/www.manonenluberon.fr\/index.php\/wp-json\/wp\/v2\/media?parent=65014"}],"curies":[{"name":"wp","href":"https:\/\/api.w.org\/{rel}","templated":true}]}}